 + 15. What is the remainder when p is divided by k?
4
Suppose -318 = -3*c + 6*c - 3*l, 0 = 4*c + 3*l + 417. What is the remainder when 32 is divided by (-4)/(-7) + (-1725)/c?
15
Let a = 173 - 142. Calculate the remainder when 122 is divided by a.
29
Suppose -2*o = 4*p + 3*o - 46, -4*o = 2*p - 20. Let u = 286 - 246. Calculate the remainder when u is divided by p.
12
Let k(w) = w**2 + 6*w. Let z be k(-6). Suppose z = f - 38 - 25. Calculate the remainder when f is divided by 22.
19
Suppose 7 = p + 2*t - 3, t - 3 = 0. Let a(k) = 15*k + 7. Let g(o) = 3*o**3 - 1. What is the remainder when a(p) is divided by g(2)?
21
Let s = -12 + 8. Let a(m) be the second derivative of -m**3/3 - 2*m**2 - m. What is the remainder when 7 is divided by a(s)?
3
Let x = -19 + 28. What is the remainder when 26 is divided by x?
8
Let x(i) = -2*i + 3. Let q be x(2). Let c(z) = 41*z**2 + 7 + 0 - 3 - 3. What is the remainder when c(q) is divided by 11?
9
Suppose 0 = -32*v + 28*v + 32. What is the remainder when 47 is divided by v?
7
Suppose 0 = d, -s + 0*s + d + 24 = 0. What is the remainder when 71 is divided by s?
23
Let h = -2 - 6. Let o = h + 14. Suppose 5*s = o*s - 29. What is the remainder when s is divided by 10?
9
Let h(w) = 4*w + 1. Let o(n) = -n - 1. Let t be o(-4). Let z be h(t). Let m = 29 - z. Calculate the remainder when 30 is divided by m.
14
Let f be ((-33)/(-4))/(8/32). Let v = f + -20. Calculate the remainder when 36 is divided by v.
10
Suppose 5*o - 2*w + 56 = 0, -2*o - 3*w = o + 42. Let v = o - -23. Calculate the remainder when v is divided by 6.
5
Calculate the remainder when (-2 - 82)/(12/(-8)) is divided by 15.
11
Let l(r) = -r**3 + 3*r**2 + 2*r - 1. Let h be l(3). Suppose 12 + 10 = h*p + z, -p = -3*z + 2. Calculate the remainder when (-2)/(-8) - (-35)/p is divided by 5.
4
Let o be 0/((-1)/(2/4)). Suppose o*y - y + 4 = 0. Suppose 2*m - 3 = 19. What is the remainder when m is divided by y?
3
What is the remainder when (-4)/(-22) + (-260)/(-22) is divided by 7?
5
Let t = -70 + 119. Calculate the remainder when t is divided by 25.
24
Suppose 5*o - 6*o = v - 35, 187 = 5*v + 2*o. Calculate the remainder when 74 is divided by v.
35
Let v(i) = -i**2 - 9*i - 7. Calculate the remainder when v(-7) is divided by 5.
2
Let v = -6 - -24. Suppose -3*h + 3 = -2*h, -5*c = 3*h - 119. Let b = -12 + c. Calculate the remainder when v is divided by b.
8
Let y(j) = -2*j**2 + 1. Let a be y(-1). Let g(z) = -7*z - 1. Calculate the remainder when 23 is divided by g(a).
5
Suppose 4*k - 55 = -k. Let b = 10 + 10. Calculate the remainder when b is divided by k.
9
Suppose 121 = 3*d - 38. Let x = 102 - d. What is the remainder when x is divided by 17?
15
Let a(z) = -z**3 - 5*z**2 - 9*z - 9. Calculate the remainder when 15 is divided by a(-4).
4
Suppose 0 = -8*p + 4*p + 864. Let u = p + -130. Calculate the remainder when u is divided by 29.
28
Suppose 10*h = 13*h + 12. What is the remainder when ((-14)/h)/(1/6) is divided by 6?
3
Suppose -5*a + 68 = -a. Calculate the remainder when 32 is divided by a.
15
Let n(t) = t**3 + 2*t**2 - 2*t - 3. Suppose m - 4 = -m. Suppose -4*x + 0*x + b - 6 = 0, -2 = m*x - b. Calculate the remainder when 2 is divided by n(x).
0
Let h = 1 + -1. Calculate the remainder when 385/25 - (-4)/(-10) is divided by (h - 10)*(-4)/5.
7
Suppose -137 = -2*q - 21. Calculate the remainder when q is divided by 15.
13
Suppose 0 = 4*m + 3*l - 2*l - 43, 14 = 2*m - 2*l. What is the remainder when 28 is divided by m?
8
Suppose 45 = y - 4*g, 7*y + 2*g - 180 = 3*y. Suppose 6*d = d + y. Calculate the remainder when d is divided by 4.
1
Let r(g) = g**3 + 8*g**2 - 11*g + 6. What is the remainder when 94 is divided by r(-9)?
22
Let b = -13 + 32. What is the remainder when 73 is divided by b?
16
Let l(h) = h + 4. What is the remainder when 77 is divided by l(9)?
12
Let d(y) = 9*y**3 + y**2 + 2*y - 2. What is the remainder when 58 is divided by d(1)?
8
Suppose 4*m = -1 - 7, 4*x = -4*m + 420. What is the remainder when x is divided by 27?
26
Let t(u) = -2*u + 10 + 0*u + 4. Let a be t(12). What is the remainder when a*(33/2)/(-3) is divided by 19?
17
Let g(y) = y**3 - 8*y**2 + 7*y + 3. What is the remainder when 5 is divided by g(7)?
2
Let d(c) = -2*c**2 - 4*c**2 - c**2 + 8*c**2 - 2 - 4*c. Calculate the remainder when 54 is divided by d(7).
16
Suppose -2 - 2 = -2*d. Suppose -2*i = d*z - 28, -10 = 2*i + 5*z - 50. Calculate the remainder when i is divided by 4.
2
Suppose -22 = -o - o + 5*l, -4*o - 4*l + 72 = 0. Calculate the remainder when 47 is divided by o.
15
Suppose -4*a - 2*h + 132 = 2*h, -12 = -4*h. Calculate the remainder when a is divided by 8.
6
Suppose 6*x - x = -80. Let l = 30 + x. Calculate the remainder when 26 is divided by l.
12
Suppose 14 = -q + 5*z, q + 7*z - 13 = 3*z. Calculate the remainder when 11 is divided by q.
0
Suppose 36 = -8*m + 372. Let a(v) = v**2 - 3*v + 5. What is the remainder when m is divided by a(5)?
12
Let r(a) = -a**3 + 7*a**2 + a - 1. Let w be r(7). Suppose 3*j = -3*n - 17 - 13, 5*j + 2 = 3*n. Calculate the remainder when 64/w*n/(-4) is divided by 6.
4
Let o = -1 - -14. What is the remainder when 23 is divided by o?
10
Calculate the remainder when (-4)/14 - (-242)/14 is divided by 9.
8
Let o(r) = r - 2. Let n be o(5). Suppose n*z - 105 = 147. Suppose -2*g + g - z = -5*k, 3*k + 2*g = 53. Calculate the remainder when k is divided by 6.
5
Let x be 3 - ((-2)/(-1))/2. Suppose 5*d + 95 = 4*o - 22, 5*o - x*d - 125 = 0. Calculate the remainder when o is divided by 13.
10
Suppose 2*v - 6*v - 4 = 0. Let a(n) = -155*n**2 + 1. Let g be a(v). Let h = -110 - g. What is the remainder when h is divided by 15?
14
Suppose g + 2*r + 1 = 0, 2*r - 19 = -5*g - 0. Let y be -6*1/(-2)*1. What is the remainder when (0 - (y + -2)) + 14 is divided by g?
3
What is the remainder when (21/9 - 2)/(8/3384) is divided by 13?
11
Let x = -19 + 36. What is the remainder when 65 is divided by x?
14
Let n = 8 + 16. Suppose -38 = -2*t - f + 6*f, -t = -5*f - n. Calculate the remainder when 40 is divided by t.
12
Let o(z) = -z**3 + 7*z**2 - 2*z - 3. Let u be o(6). Let m = 6 + u. Calculate the remainder when m is divided by 14.
13
Suppose -10 = -2*m + 2. Suppose 2*v - m*v = 2*z - 16, -z + 11 = 3*v. Suppose -v*q + 16 = -14. Calculate the remainder when q is divided by 6.
4
Suppose -a - 8 = -3, -2*a = -3*n + 10. Let q = 4 - n. Suppose m - 41 = -3*i, 3*i - q*m - 5 = 2*i. Calculate the remainder when i is divided by 7.
6
Let i = -8 + 13. Suppose -6*b = -2*b - i*h + 2, -5*b = -h - 8. Suppose -y + 20 = 3*z, -y - 6 - 4 = -b*z. Calculate the remainder when z is divided by 4.
2
Let b(j) = j**3 - 5*j**2 + 6*j - 3. Let t be b(4). Calculate the remainder when 14 is divided by 2/((-2)/t*-1).
4
Suppose -6 + 14 = 4*r. Suppose 4 = r*t - 0. Calculate the remainder when 3 is divided by t.
1
Let q be 68/17 + (-9)/(-1). Let x = q - 7. Calculate the remainder when 21 is divided by x.
3
Let a(f) = f**3 + 10*f**2 + 4*f - 7. What is the remainder when a(-5) is divided by 26?
20
Let z be (-10)/(-15) - (-4)/(-6). Suppose t + z*t - 16 = 0. Calculate the remainder when t is divided by 6.
4
Let v = 21 + -12. Calculate the remainder when v is divided by 4.
1
Suppose 2*y + 12*y - 518 = 0. Calculate the remainder when y is divided by 10.
7
Let w(c) = 16*c**2 - c**2 - c**2 + 6*c**2. What is the remainder when 38 is divided by w(-1)?
18
Let b(v) be the first derivative of -v**2/2 - v - 5. What is the remainder when 26 is divided by b(-10)?
8
Suppose 4*h = -2*j + 15 + 11, -3*j + 4*h = -89. Calculate the remainder when 45 is divided by j.
22
Suppose 2*m + 19 = 3. Let f = 54 - 30. Let c = m + f. Calculate the remainder when 31 is divided by c.
15
Let j(g) = 10*g + 17. What is the remainder when j(30) is divided by 53?
52
Suppose w + 4*s + 5 = 0, -2*s + 2 = -5*w + 43. Let u be (w/2 - 3)*-2. Let j(o) = -17*o. Calculate the remainder when 32 is divided by j(u).
15
Suppose p - 19 - 11 = 0. What is the remainder when 117 is divided by p?
27
Let a be 1/(1/6) + -2. Let r be 1*2 + a/4. Let k(y) = 6*y**2 - y - 1. What is the remainder when k(r) is divided by 26?
24
Let m be 8/(-20) - 42/(-5). What is the remainder when 2 + 3 - (7 - m) is divided by 4?
2
Let f be (3 - 2) + 2*5. Let x = 13 - 5. Calculate the remainder when x/6*(1 + f) i